ate c(3).
9
Let n be 24*(5/(-4) - (-81)/108). Let s(i) = i**3 + 15*i**2 + 46*i + 126. Determine s(n).
6
Let i = -313 + 324. Let h(w) = w**3 - 6*w**2 - 57*w + 10. Let v be h(i). Let k(c) = 2*c + 9. Give k(v).
-15
Let y(j) = -13*j**2 - 2*j + 7. Let f(u) = -28*u**2 - 4*u + 16. Let n(v) = 4*f(v) - 9*y(v). Let o = 9 - 15. Let a be ((-2)/(-6))/(2/o). Calculate n(a).
4
Let l(z) = z + 3. Let a(t) = t**2 + 3*t - 1. Let b be a(4). Let d be ((-12)/(-9))/((-15)/b + 1). Suppose -f + 6 = -3*c - 10, -d*c - 26 = f. Calculate l(c).
-4
Let c be (4/(-6))/(10616/2652 + -4). Let s = c - -218. Let d(m) = 2*m**3 + 3*m**2 + 3*m - 4. Calculate d(s).
-40
Let o(a) = 4*a**2 - 7*a - 11. Let u(b) = -b**2 + b + 2. Let x(l) = -o(l) - 3*u(l). Suppose 12*p = 14*p + 5*q + 3, 4*p = -3*q + 15. Determine x(p).
-7
Suppose -u - 73 = -77. Let v be (-41 + 71)*(-2)/u. Let f(l) = l + 15. Give f(v).
0
Let t(z) = -3*z**3 + 14*z**2 + 39*z - 37. Let l(u) = u**3 - 5*u**2 - 13*u + 13. Let m(v) = 8*l(v) + 3*t(v). What is m(5)?
-17
Suppose 0*p + 4*p + x + 26 = 0, 0 = -p - 2*x - 3. Let r = p - -9. Let n(b) be the first derivative of -b**3/3 + 3*b**2/2 + 18. What is n(r)?
2
Suppose -w + 4 = d - 1, -5*w + 15 = 3*d. Suppose -2*r = -2*l - 1 + 3, -l = d*r - 13. Let y(m) = -r*m + 5 + 1 - 5 + 6*m. Determine y(1).
5
Suppose -251*x - 92 = -4*k - 248*x, 4*k + 5*x = 60. Let m(g) = 12*g - 241. Give m(k).
-1
Suppose -2*v - 15 = 5*i, 2*i = v - 4*v + 5. Let t(k) = -6*k + 4. Let a(d) = 7*d - 4. Let s(q) = 3*a(q) + 4*t(q). Determine s(v).
-11
Let p(z) = -1470*z - 1 - 1488*z - 36 + 2959*z. Give p(16).
-21
Let b(h) = h**2 - h. Let u be b(-1). Let z(w) = 19798*w - 4 - 39598*w + 19802*w + 2*w**2 + 1. Determine z(u).
9
Let z(u) = -7*u + 91. Let l be z(15). Let r(w) = -w**3 - 15*w**2 - 12*w + 16. Give r(l).
-12
Let v(u) be the second derivative of 0 - 3/2*u**2 - 1/2*u**4 + 1/20*u**5 - 3*u + 4/3*u**3. Give v(5).
12
Let b(f) be the third derivative of -7*f**6/120 + f**5/15 - f**4/8 + f**3/6 - 194*f**2. What is b(2)?
-45
Let y(w) = 2*w**2 + 5*w - 5. Let l(h) = -5*h**2 - 9*h + 10. Let s(q) = 3*l(q) + 7*y(q). What is s(3)?
10
Let k = 2 - 6. Let i(m) = -5*m**2 + 5*m + 10. Let t(s) = 6*s**2 - 7*s - 12. Let p be (-54)/81*18/3. Let l(n) = p*t(n) - 5*i(n). Give l(k).
2
Let s be (-121 - -129) + 10*(1 - 2). Let a(d) = 5*d**2 + 9*d + 7. What is a(s)?
9
Let r(o) be the first derivative of -4*o + 1/3*o**3 - 31 - 3*o**2. Calculate r(7).
3
Let k(p) = p**3 + 5*p**2 + 2*p - 1. Let v = 286 + -283. Suppose 0 = 3*b + 3*r + 21, 3*b = -3*r + 8*r + v. What is k(b)?
7
Let l(b) = -232 - 94 + 139 - 244 - 8 + 12*b. Determine l(37).
5
Let v(q) = -q**3 + 6*q**2 - 2*q + 2. Suppose k - 9 = -5. Let l be (k/24*-4)/(4/(-246)). Suppose -l + 11 = -5*j. What is v(j)?
-10
Let z(c) be the first derivative of -4*c + 3/2*c**2 - 82. What is z(-7)?
-25
Let k(r) be the third derivative of 0*r + 1/3*r**3 + 1/10*r**5 - 1/360*r**6 + 20*r**2 - 2/3*r**4 + 0. Let v(x) be the first derivative of k(x). What is v(11)?
-5
Let y be 21/4 + (-24)/96. Suppose -3*c = y*t - 2*c, 4*t - 2*c = 0. Let r(j) = -j**2 - j - j**3 - 4 + 3 + 2*j. Determine r(t).
-1
Let c(p) = 2*p + 2. Suppose -3*m + 3*j - 6 = 0, 2*m + 12*j - 4 = 10*j. Suppose -3*k - 2*x = -18 - 1, 3*k + x - 20 = m. Determine c(k).
16
Let z(m) = m**3 + 4*m**2 - 4*m + 2. Let v be z(-5). Let u(w) = -2*w**2 - 619*w + 10. Let f(n) = -n**2 - 515*n + 9. Let d(t) = -6*f(t) + 5*u(t). Determine d(v).
-25
Let i(h) = -2*h - 3. Let f(s) = -s + 1. Let x(w) = 3*w**2 - 4*w - 3. Let y(u) = -2*f(u) + x(u). Let n be y(0). Give i(n).
7
Let d(a) = a - 6. Suppose -8 = -7*c + 13. Suppose -47 + 56 = -c*x. What is d(x)?
-9
Let t = -629 - -626. Let b be (-275)/75 - 2/9*t. Let o(p) = -15*p + 1. What is o(b)?
46
Let j be 51/(-5) + 17/85. Let y(l) = 3*l**2 + 30*l - 28. Let q(g) = -g**2 - 10*g + 9. Let s(k) = 8*q(k) + 3*y(k). Give s(j).
-12
Let g be (-2 - -7) + (18 - 3). Suppose -5*k = 5*i - 0*i, g = 5*k - 5*i. Let q(c) = -1 + k*c - c + 0 - 2. Give q(-6).
-9
Let b be 600 + (3/(-2))/(19/(-38)). Suppose b - 642 = -3*a. Let p(h) = -2*h + 23. Give p(a).
-3
Let c(d) = -d**3 - 36*d**2 + 0*d + 22*d**2 + 18*d**2 + 3*d - 3. Let v be 40/60*(1*-6)/(-1). Calculate c(v).
9
Let r(o) = -11*o - 50. Let j(s) = 5*s + 25. Let m(g) = 7*j(g) + 3*r(g). Let k be m(-14). Let i(p) = 2*p + 2. What is i(k)?
-4
Let x(u) = 32*u + 7. Let o(b) = 39*b + 7. Let j = 112 - 117. Let q(c) = j*o(c) + 6*x(c). Give q(-8).
31
Let y be 12 + (-1 - -2) + -6. Let v(a) = 6*a**3 - 13*a**2 + 25*a - 11. Let o(d) = d**3 - d**2 + 3*d. Let r(x) = 5*o(x) - v(x). Calculate r(y).
-10
Let h(p) = p**3 - 7*p**2 + 6*p - 5. Suppose 5*z = s, -3*z + 5*s = 4*s. Suppose 6*i + 18 = 2*d + 3*i, -2*i - 4 = z. Determine h(d).
-5
Let s(g) = -g**2 + g + 1. Suppose -5*h + 6 = 1. Let j(p) = -p**3 + p**2 + 12*p + 3. Let w(v) = h*j(v) - 5*s(v). Let r be (0 + -1)*119/(-17) - 0. Calculate w(r).
-2
Let r(m) be the third derivative of -25*m**4/12 - 239*m**3/6 - 4*m**2 + m - 45. What is r(-5)?
11
Let h be 2/(-25) + ((-12)/(-70))/((-90)/3108). Let o(x) = -10*x - 3. Let m(d) = -3*d - 1. Let p(a) = 7*m(a) - 2*o(a). Calculate p(h).
5
Let m = -223 - -409. Let p(v) = 186 + 2*v - m. Determine p(-5).
-10
Let t(h) = 4*h - 197. Let z be t(53). Let r(s) be the first derivative of s**4/4 - 16*s**3/3 + 7*s**2 + 22*s - 30. What is r(z)?
7
Let h(l) = -3*l**3 - l + 6. Let p be h(2). Let s be (-1*1 - 4)*p/50. Let w(y) = -2 + y**s + 8*y + 16 - 11. Give w(-8).
3
Let h(a) = -3*a**2 + 3*a + 3. Let g(p) = -13*p**2 + 13*p + 16. Let b(n) = -g(n) + 5*h(n). Let k = 4 - 3. Determine b(k).
-1
Suppose 4*d = -2*p - 0*p + 6, 4*d - 13 = 5*p. Let x(g) = 2*g**3 + 9*g**2 - 9*g - 3. Let u(m) = -m**3 - m**2 - m - 1. Let l(s) = p*u(s) - x(s). What is l(-9)?
-5
Let o be 3/(-5)*1*(-842 + 847). Let n(p) = p**2 - 48*p - 146. Determine n(o).
7
Let w = 69 - 76. Let y(f) = -f - 1. Let p(o) = -57*o - 33. Let k(j) = 7*j + 4. Let a(d) = -33*k(d) - 4*p(d). Let i(q) = a(q) - 4*y(q). Calculate i(w).
-3
Let f(i) = 6557*i**2 + 6732*i**2 - 13283*i**2. Suppose 5*m = 4*a - 9, -2*m + m - 3 = -2*a. Calculate f(a).
6
Let m(c) = -63*c + 44. Let r(s) = 32*s - 26. Let h(l) = 3*m(l) + 5*r(l). What is h(2)?
-56
Let l(h) = 3*h**2 - 27*h + 22. Let z(t) = 7*t**2 + 13*t - 13. Let x(o) = -2*o**2 + 1. Let q(g) = -4*x(g) - z(g). Let b(d) = -2*l(d) + 5*q(d). Give b(-10).
11
Let m(t) = 2*t**2 + 73*t + 590. Let j be m(-12). Let u(y) be the third derivative of 29*y**j + 0*y - 1/6*y**3 - 1/20*y**5 - 1/12*y**4 + 0. Give u(-1).
-2
Let u(n) = 13*n - 234. Let s(x) = 7*x - 117. Let o(d) = 7*s(d) - 4*u(d). Give o(36).
9
Let b(r) be the first derivative of -2*r**2 + 3*r + 3645. Calculate b(-4).
19
Let p = -20 + 22. Let f(t) = -1. Let s(w) = w + 9. Let u be s(-4). Let o(h) = -h**2 - 2*h - 2. Let r(k) = u*f(k) - o(k). Give r(p).
5
Let x = 220 + -208. Let y be 2*(-18)/24*x/(-9). Let s(v) = -v + 3. Determine s(y).
1
Let k(n) = n**2 - 70*n + 602. Let b be k(60). Let o(h) = 16*h - 6. What is o(b)?
26
Let n(t) = -2*t**2 - 22*t + 8. Suppose 2*k - 17 + 64 = 5*v, -3*v = -4*k - 59. Give n(k).
8
Let q(u) be the third derivative of 19*u**5/20 + u**4/8 + u**3/3 + 41*u**2 - 10. Give q(-1).
56
Let q = -4007 - -3993. Let u(d) = -d**2 - 9*d + 54. Give u(q).
-16
Let o be 4 + -14 + 3 - (-5 - -1). Let x(n) be the first derivative of -n**2/2 + n + 9. Let w(d) = 6*d - 10. Let y(t) = w(t) + 8*x(t). Determine y(o).
4
Let q = -1877 + 1873. Let h(v) = -v**2 - 3*v - 8. Determine h(q).
-12
Let r(t) be the first derivative of -t**3/3 - 6*t**2 + t - 327. Calculate r(-10).
21
Let i(w) = 10*w - 2. Let p(l) = 15*l - 3. Let f(z) = -8*i(z) + 5*p(z). Let n be (-35)/(70/(-32)) + -15. Give f(n).
-4
Let y(b) be the third derivative of -b**6/120 - 53*b**5/60 - 59*b**4/24 - 359*b**3/6 + 2*b**2 + 34*b - 1. Determine y(-52).
5
Let d = 467 - 459. Suppose -5*w + 4*f - 21 = d, -f - 4 = w. Let b(r) = -5*r - 4*r**2 + 3*r**2 - 2*r**2 + 2*r**2. Calculate b(w).
0
Let f(p) be the first derivative of p**6/60 + 2*p**5/15 + p**4/12 - p**3/3 - 68*p**2 - 93. Let n(d) be the second derivative of f(d). Give n(-4).
-10
Let a(f) be the first derivative of f**3 - 7*f**2/2 + 5*f + 6961. Determine a(3).
11
Let u(f) = 9*f - 21. Let d(v) = 28*v - 69. Let q(h) = -4*d(h) + 13*u(h). Calculate q(4).
23
Let h(w) = 2*w - w**2 + 251 - 80 + 10*w - 82 - 77 - 2*w. Let p = 25 - 14. W